22
Calculate the highest common factor of 381117 and 495.
33
What is the greatest common divisor of 367112 and 10525?
421
Calculate the greatest common divisor of 260 and 34769020.
260
What is the greatest common divisor of 63 and 2018583?
63
What is the highest common divisor of 246 and 1107?
123
What is the highest common factor of 65255 and 80?
5
Calculate the greatest common factor of 10642 and 306.
34
Calculate the highest common divisor of 384215 and 82240.
1285
What is the highest common divisor of 13578 and 23652?
438
What is the greatest common factor of 195 and 27833?
13
Calculate the highest common factor of 5736 and 444.
12
Calculate the highest common divisor of 1296 and 42930.
162
Calculate the greatest common divisor of 1350 and 8397.
27
What is the greatest common factor of 1269 and 18471?
141
What is the greatest common divisor of 640 and 2000?
80
What is the highest common factor of 24 and 98340?
12
What is the highest common divisor of 85 and 908123?
17
What is the greatest common divisor of 250 and 550460?
10
Calculate the greatest common divisor of 795 and 3591545.
265
What is the highest common divisor of 138086 and 13?
13
Calculate the highest common factor of 441 and 4872.
21
Calculate the highest common factor of 399 and 426873.
57
Calculate the greatest common divisor of 145 and 239946.
29
What is the greatest common divisor of 762 and 104?
2
What is the highest common divisor of 300 and 219525?
75
What is the highest common divisor of 108 and 747828?
36
What is the highest common factor of 40716 and 812?
116
Calculate the greatest common divisor of 40 and 1905.
5
What is the highest common factor of 1639 and 82993?
149
Calculate the highest common factor of 327 and 27577.
109
What is the greatest common divisor of 2718 and 1170?
18
Calculate the highest common divisor of 132 and 29802.
6
Calculate the highest common factor of 298686 and 2010.
402
Calculate the highest common divisor of 7560 and 4040.
40
Calculate the highest common divisor of 784498 and 422.
422
Calculate the highest common divisor of 3233 and 583.
53
What is the highest common divisor of 5181 and 34023?
33
Calculate the greatest common divisor of 3479 and 1207.
71
Calculate the highest common divisor of 572 and 240.
4
What is the greatest common factor of 546069 and 1146?
573
What is the greatest common factor of 357 and 29463?
21
What is the highest common factor of 12 and 3002148?
12
Calculate the highest common divisor of 1708355 and 11.
11
Calculate the highest common divisor of 14317 and 206.
103
What is the greatest common divisor of 141380 and 250?
10
What is the greatest common divisor of 8 and 1333468?
4
What is the highest common divisor of 1390983 and 183?
183
Calculate the greatest common divisor of 6 and 290118.
6
What is the highest common divisor of 40 and 138580?
20
Calculate the highest common factor of 56328 and 1248.
24
Calculate the highest common factor of 140 and 7180.
20
Calculate the greatest common factor of 57827 and 2849.
77
What is the greatest common divisor of 640 and 3940?
20
What is the greatest common divisor of 109368 and 744?
744
Calculate the highest common divisor of 46 and 10351932.
46
Calculate the highest common divisor of 23104 and 6137.
361
What is the greatest common factor of 30537 and 42601?
377
What is the highest common factor of 54 and 35982?
18
What is the highest common factor of 11 and 17837?
1
Calculate the highest common factor of 5252966 and 2924.
1462
What is the highest common factor of 212 and 238076?
212
Calculate the greatest common factor of 1226626 and 6034.
862
What is the greatest common factor of 28672 and 1120?
224
What is the highest common divisor of 54 and 28062?
18
What is the greatest common divisor of 2168 and 7?
1
Calculate the highest common factor of 28 and 501508.
28
Calculate the highest common divisor of 1519573 and 11.
11
What is the greatest common factor of 554734 and 366?
122
Calculate the greatest common divisor of 459 and 59721.
51
Calculate the highest common divisor of 47996 and 852.
284
What is the greatest common divisor of 500364 and 576?
36
Calculate the highest common factor of 1032 and 688.
344
Calculate the highest common factor of 36 and 1224.
36
What is the highest common divisor of 890786 and 130?
26
What is the greatest common factor of 205800 and 56280?
840
Calculate the greatest common factor of 66 and 6042.
6
What is the highest common divisor of 38975 and 80?
5
What is the highest common divisor of 62425 and 550?
275
What is the greatest common factor of 763209 and 621?
621
What is the highest common divisor of 85768 and 65232?
1208
What is the highest common factor of 15760 and 282695?
985
Calculate the highest common factor of 558 and 2005452.
558
What is the highest common divisor of 35039 and 481?
37
Calculate the greatest common factor of 145920 and 366.
6
What is the highest common divisor of 2360 and 2960?
40
Calculate the greatest common factor of 300238 and 38.
38
What is the greatest common factor of 294 and 620634?
294
Calculate the greatest common factor of 15280 and 4060.
20
What is the highest common divisor of 80 and 549160?
40
Calculate the highest common divisor of 1431 and 20511.
477
Calculate the greatest common factor of 1087860 and 60.
60
Calculate the greatest common divisor of 13 and 332657.
13
What is the highest common divisor of 53 and 1082843?
53
Calculate the highest common factor of 150 and 2905950.
150
What is the greatest common factor of 193152 and 240?
48
What is the greatest common divisor of 16 and 178432?
16
Calculate the greatest common divisor of 113 and 502963.
113
What is the greatest common divisor of 748 and 264?
44
Calculate the greatest common factor of 5544 and 341.
11
What is the highest common factor of 840 and 154896?
168
What is the highest common factor of 561 and 110517?
561
Calculate the greatest common divisor of 47175 and 222.
111
What is the highest common divisor of 207 and 2488968?
207
What is the greatest common factor of 1477326 and 342?
114
Calculate the greatest common divisor of 227880 and 2954.
422
What is the highest common divisor of 1595740 and 230?
230
Calculate the highest common factor of 25 and 21865.
5
Calculate the highest common factor of 370783 and 47.
47
Calculate the highest common factor of 187 and 3389749.
187
What is the highest common divisor of 8460 and 58515?
705
What is the greatest common divisor of 62 and 7900?
2
What is the highest common factor of 5488 and 768?
16
Calculate the highest common factor of 1914276 and 1092.
1092
Calculate the greatest common factor of 57 and 159391.
19
Calculate the highest common divisor of 369413 and 605.
121
Calculate the greatest common factor of 4070 and 21830.
370
Calculate the highest common divisor of 84 and 6900.
12
What is the greatest common divisor of 7131168 and 33?
33
What is the greatest common divisor of 104 and 193778?
26
Calculate the greatest common factor of 165 and 103345.
55
Calculate the greatest common divisor of 3904 and 1462048.
1952
Calculate the greatest common factor of 8955057 and 163.
163
Calculate the greatest common factor of 4184 and 4720.
8
Calculate the greatest common divisor of 1844675 and 8300.
2075
Calculate the highest common factor of 4730 and 199760.
110
What is the highest common divisor of 5887 and 3248?
203
What is the greatest common factor of 663 and 53807?
13
What is the greatest common factor of 428 and 352244?
428
Calculate the highest common factor of 1157 and 3305549.
1157
What is the highest common factor of 6055 and 140?
35
Calculate the greatest common factor of 14 and 151858.
14
Calculate the greatest common factor of 2420 and 14740.
220
What is the greatest common divisor of 455450 and 300?
50
Calculate the highest common divisor of 378 and 6570.
18
Calculate the highest common factor of 59224 and 4.
4
What is the greatest common divisor of 1694000 and 363?
121
Calculate the highest common factor of 13219 and 3.
1
Calculate the highest common divisor of 1246 and 135814.
1246
What is the highest common factor of 252 and 17604?
36
Calculate the greatest common divisor of 2013270 and 105.
105
What is the highest common factor of 5633 and 27477?
43
Calculate the highest common f